ghest common divisor of a and m.
12
Let h be (1 - -2)*(-10 + 14). Suppose -22*g + h = -20*g. What is the greatest common factor of 2 and g?
2
Let c be (1 - 1)/(0 - (3 - 2)). Suppose c*r = -5*r + 495. What is the highest common divisor of r and 9?
9
Let u = -292 + 307. Calculate the highest common factor of 12 and u.
3
Let q(y) = y**2 + 21*y + 123. Let k be q(-12). What is the greatest common factor of 55 and k?
5
Let p = -10 - -10. Suppose -4*b - 26 = -r, p*b - 52 = -2*r + 3*b. Suppose 3*j = -j + 520. Calculate the greatest common factor of j and r.
26
Let k(i) = i**2 + 7*i - 77. Let v be k(9). Calculate the highest common factor of v and 536.
67
Suppose -32 = -3*g - 5*i, 76 = 3*g - 3*i + 4. What is the highest common divisor of g and 57?
19
Let c be (-38)/19 + 2*61*28. Let l be c/10 + ((-66)/15 - -4). Calculate the highest common factor of 31 and l.
31
Let c be -1*(-3 + 2 - -5). Let m(z) = z**2 + 3*z - 5. Let o be m(c). Let k be -16*(-4)/8 + o. Calculate the highest common divisor of 14 and k.
7
Suppose -2*g + 0*g + 4*d = -4, 0 = 2*g - 5*d. Let x(v) = 2*v**2 - 18*v + 17. Let q be x(g). What is the greatest common factor of 296 and q?
37
Suppose 4*d - 24 = -4*y + 2*y, 0 = -3*y - 5*d + 31. Suppose h + 0 - 48 = y*r, -219 = -4*h - r. What is the greatest common divisor of h and 6?
6
Suppose -4*x = 5*p + 7, x + 5 = -x - 3*p. Suppose -2*h + 648 = 4*n, 3*h = -x*n - n + 486. What is the highest common divisor of 18 and n?
18
Let n be (-8 - 0)*(26/(-4) + 3). What is the highest common factor of n and 91?
7
Suppose -5*i - 77 = -82, 3*i - 83 = -4*s. Calculate the highest common divisor of s and 8.
4
Suppose -1 = m + 14. Let j be (3/(-1))/(m/5). Calculate the highest common factor of 11 and j.
1
Suppose h - 203 + 71 = 0. Let w = h + -118. What is the greatest common factor of 56 and w?
14
Suppose p - 5 = -3*o, -3*o + 2*p + 14 = -o. Suppose 3*m + 30 = o*t, -t - 2*m + 14 = -m. Calculate the highest common divisor of 96 and t.
12
Suppose -129*g + 184 = -121*g. Calculate the highest common factor of g and 23.
23
Suppose 0 = -8*i + 507 - 123. What is the greatest common divisor of i and 304?
16
Let n = -14 - -68. Suppose 0 = 3*y - 6 - 9. Suppose -y*q = -q - 72. What is the greatest common divisor of q and n?
18
Let b(s) = -s**3 + s**2 - 56. Let o be b(0). Let n = o - -128. Suppose -n = -5*l + l. Calculate the highest common factor of l and 6.
6
Let f be 38724/98 - (-4)/(-28). What is the greatest common factor of 158 and f?
79
Let d(b) = -b**3 - 9*b**2 - 10*b - 5. Let u be d(-8). Suppose -f = v - 2 - u, 13 = f - 4*v. Let y = -12 + f. What is the greatest common factor of 9 and y?
1
Suppose 0 = -27*c + c + 286. What is the greatest common factor of c and 539?
11
Let i = 841 - 757. Calculate the greatest common divisor of 63 and i.
21
Let w be 1*((-5)/5 + 4). Suppose w*p + 287 = 10*p. Let k = 46 - p. What is the greatest common factor of 45 and k?
5
Let z = -1625 - -2318. Calculate the highest common divisor of 55 and z.
11
Suppose -52 = 3*k - 5*k. Let m = 27 - k. Let u(n) = -n - 5. Let x be u(-6). Calculate the greatest common factor of m and x.
1
Suppose 9*n - 16 = 5*n. Suppose -m - 95 = -h - 32, -3*m = n*h - 231. Let k(y) = y**2 + 8*y. Let z be k(-10). What is the highest common divisor of z and h?
20
Let h be (-9 + (-1 - -3))*-7. Calculate the highest common factor of 63 and h.
7
Let k be 228/(-76)*(-168)/9. Calculate the highest common factor of k and 364.
28
Let w(o) = 5 + 5*o - 3*o**2 - 11*o + 2*o**2 + 5. Let h be w(-7). What is the highest common factor of 33 and h?
3
Let p(j) = 2*j**2 - 9*j - 23. Let y be p(8). What is the highest common divisor of y and 57?
3
Let g be (-37 + 6)/(2 - 189/93). Suppose 3*o + 6 + 0 = 0, 3*m - 2*o = g. Calculate the greatest common factor of m and 29.
29
Let y(q) = q**2 - 11*q - 151. Let t be y(-8). Suppose 0*f + 4*x + 63 = 3*f, 5*x = -3*f + 36. Calculate the greatest common factor of f and t.
1
Suppose 6 = 2*u - 6. Suppose u*p = f + 3*p - 1, f = -2*p + 6. Suppose 4*o - 53 = -5. Calculate the greatest common factor of f and o.
4
Let g = 206 - 142. Let f = 31 - g. Let t = f - -101. Calculate the greatest common divisor of t and 17.
17
Let g be (9 - 0)/(6/8). Suppose 8*z = 14*z - g. Calculate the highest common divisor of 6 and z.
2
Let a be 1/3 - (-128)/12. Suppose 3*j + 80 = a*j. Suppose 2*y + 4 = 24. Calculate the highest common factor of y and j.
10
Let l be 4 + 4/(-2) - -2. Suppose 2*n - l*h - 108 = 0, -3*h + 8 = 2*n - 79. Calculate the greatest common divisor of 6 and n.
6
Let f(i) = -9*i - 45. Suppose 0 = -7*y - 68 - 23. Let b be f(y). Calculate the greatest common divisor of b and 48.
24
Suppose 2*k - k - 1 = 0, 3*k = -5*h + 548. Let l = -83 + h. What is the highest common factor of l and 26?
26
Suppose -11*u = -10*u. Suppose u = s + 3*s - b - 420, 304 = 3*s + 2*b. Calculate the highest common divisor of 13 and s.
13
Let m be (-3 - 0)/((-9)/(-12)). Let z(j) be the first derivative of -j**2/2 + 2*j - 14. Let r be z(m). Calculate the greatest common divisor of 66 and r.
6
Let r = 36 - 27. Let i be (-1)/9*-34 - (-2)/r. Let d be 2/(-9) + 74/9. What is the greatest common divisor of i and d?
4
Let o(l) = -10*l + 15. Let j be o(-9). Let d be (-217)/4 + (-3)/(-12). Let v = d - -96. What is the highest common factor of j and v?
21
Let d(p) = -8*p - 100. Let v be d(-16). Calculate the highest common factor of 7 and v.
7
Let m be (-212)/(-12) - (-4)/(-6). Suppose 5*b = 0, 5*a + 2061 = 3*b - 969. Let c be (-1)/(4/a) - 36/(-24). What is the highest common divisor of c and m?
17
Let s be 6 + -4 + 1 - -77. What is the highest common factor of s and 8?
8
Let a(i) be the third derivative of i**2 + 0*i**5 + 0*i - 1/120*i**6 - 1/12*i**4 + 0 + 2*i**3. Let o be a(0). What is the highest common divisor of o and 60?
12
Let a = -2 - -5. Let k be 35/10*6/a. Let t = 25 - 18. What is the greatest common factor of k and t?
7
Suppose 3*n - 17 = h, -h - 15 + 6 = -n. What is the greatest common factor of n and 11?
1
Let p = -22 - 14. Let h be 6/8 + (-477)/p. Calculate the highest common divisor of h and 35.
7
Let c(u) = -u**2 - 11*u - 9. Suppose -28 = -5*w - 3. Let h = w + -13. Let g be c(h). Calculate the greatest common factor of g and 3.
3
Suppose 3*p + 3 = 0, -2368 = x + p - 694. Let j be (-9)/72 + x/(-8). Calculate the greatest common divisor of j and 19.
19
Let g = 6 - 8. Let k be g - (3 - (1 - -3)). Let z be 2 + 7 - (k + 3). Calculate the highest common divisor of 35 and z.
7
Let u be (-704)/(-10)*(-25)/(-2). Suppose -u = 2*p - 6*p. What is the greatest common factor of 20 and p?
20
Let y = -750 - -1010. What is the greatest common divisor of y and 60?
20
Let o be (-1*1)/(10/(-70)). Let q be 33/o - 2/(-7). Suppose 60 = q*l - 3*l. Calculate the greatest common divisor of 10 and l.
10
Let m be (-14)/(-8) + 3/12. Calculate the highest common factor of m and 3.
1
Let h = 13 - 2. Suppose -3*f = -3*t + 123, -5*f = -t + 3*t - 103. Calculate the highest common factor of h and t.
11
Let n be 25377/33 + (-16 - 0)/(-2). What is the highest common divisor of n and 21?
21
Suppose -69*p + 68*p + 22 = 0. Let l(k) = -k + 4. Let w be l(2). What is the highest common divisor of w and p?
2
Let d = 13 + -8. Suppose -3*h - 4*j + 14 = -2*h, 0 = -d*h - j + 13. Calculate the greatest common factor of 2 and h.
2
Suppose -9 = -5*o + 36. Suppose -t = 2*t - 858. Suppose 3*s - 74 = 5*k + 137, 2*k = 4*s - t. What is the highest common factor of o and s?
9
Suppose -3*i = 10 - 46. Let n = i - -16. What is the greatest common factor of 140 and n?
28
Suppose -4*m = -2*q - 170, -3*q + 67 = m + 14. Suppose 0*p - 2*p = m. Let d = p + 31. Calculate the greatest common factor of d and 81.
9
Let v be 46 - (-9 - 8/(-2)). What is the highest common factor of 187 and v?
17
Let q be (-20 + 45/9)/((-6)/4). Calculate the greatest common divisor of 110 and q.
10
Let d be (-1 - 2) + (12 - 5). Suppose -2*m + 34 = 5*c, -2*c = d*m - 0*m - 36. What is the greatest common factor of m and 7?
7
Let u(k) = 2*k**3 - 34*k**2 + 68*k - 30. Let r be u(15). Let x(b) = -4*b + 6*b - 6 + 7*b. Let w be x(4). What is the highest common factor of w and r?
30
Suppose -4*u + u - 54 = 0. Let x = 27 + u. What is the greatest common factor of 9 and x?
9
Let x = 96 - 51. Suppose -3*v + x = 2*v. Let c = 116 